{"id":130,"date":"2023-01-18T12:08:04","date_gmt":"2023-01-18T11:08:04","guid":{"rendered":"https:\/\/wild-wuchs.com\/?page_id=130"},"modified":"2023-01-18T14:32:42","modified_gmt":"2023-01-18T13:32:42","slug":"startseite","status":"publish","type":"page","link":"https:\/\/wild-wuchs.com\/","title":{"rendered":"Startseite"},"content":{"rendered":"\n<div class=\"wp-block-cover alignfull\" style=\"min-height:442px\"><span aria-hidden=\"true\" class=\"wp-block-cover__background has-white-background-color has-background-dim-0 has-background-dim\"><\/span><img decoding=\"async\" loading=\"lazy\" width=\"2048\" height=\"2048\" class=\"wp-block-cover__image-background wp-image-133\" alt=\"\" src=\"https:\/\/wild-wuchs.com\/wp-content\/uploads\/2023\/01\/dont-show-humans-illustration-of-welcome-to-kiekebu-my-label-for-handmade-and-custom-made-product-545963962.png\" style=\"object-position:52% 61%\" data-object-fit=\"cover\" data-object-position=\"52% 61%\" srcset=\"https:\/\/wild-wuchs.com\/wp-content\/uploads\/2023\/01\/dont-show-humans-illustration-of-welcome-to-kiekebu-my-label-for-handmade-and-custom-made-product-545963962.png 2048w, https:\/\/wild-wuchs.com\/wp-content\/uploads\/2023\/01\/dont-show-humans-illustration-of-welcome-to-kiekebu-my-label-for-handmade-and-custom-made-product-545963962-300x300.png 300w, https:\/\/wild-wuchs.com\/wp-content\/uploads\/2023\/01\/dont-show-humans-illustration-of-welcome-to-kiekebu-my-label-for-handmade-and-custom-made-product-545963962-1024x1024.png 1024w, https:\/\/wild-wuchs.com\/wp-content\/uploads\/2023\/01\/dont-show-humans-illustration-of-welcome-to-kiekebu-my-label-for-handmade-and-custom-made-product-545963962-150x150.png 150w, https:\/\/wild-wuchs.com\/wp-content\/uploads\/2023\/01\/dont-show-humans-illustration-of-welcome-to-kiekebu-my-label-for-handmade-and-custom-made-product-545963962-768x768.png 768w, https:\/\/wild-wuchs.com\/wp-content\/uploads\/2023\/01\/dont-show-humans-illustration-of-welcome-to-kiekebu-my-label-for-handmade-and-custom-made-product-545963962-1536x1536.png 1536w, https:\/\/wild-wuchs.com\/wp-content\/uploads\/2023\/01\/dont-show-humans-illustration-of-welcome-to-kiekebu-my-label-for-handmade-and-custom-made-product-545963962-324x324.png 324w, https:\/\/wild-wuchs.com\/wp-content\/uploads\/2023\/01\/dont-show-humans-illustration-of-welcome-to-kiekebu-my-label-for-handmade-and-custom-made-product-545963962-416x416.png 416w, https:\/\/wild-wuchs.com\/wp-content\/uploads\/2023\/01\/dont-show-humans-illustration-of-welcome-to-kiekebu-my-label-for-handmade-and-custom-made-product-545963962-100x100.png 100w\" sizes=\"(max-width: 2048px) 100vw, 2048px\" \/><div class=\"wp-block-cover__inner-container\">\n<p class=\"has-text-align-center has-white-color has-text-color\" style=\"font-size:64px;font-style:normal;font-weight:600\"><p class=\"has-text-align-center has-white-color has-text-color\" style=\"font-size:64px;font-style:normal;font-weight:600; margin-bottom:0; padding-bottom:0;\">Kiekebu<\/p><\/p>\n\n\n\n<p class=\"has-text-align-center\"><em>handgefertigte und individuelle Produkte rund ums Baby und Kind<\/em><\/p>\n<\/div><\/div>\n\n\n\n<p><\/p>\n\n\n\n<p class=\"has-text-align-center\" style=\"font-size:18px\"><strong>Willkommen bei Kiekebu<\/strong> &#8211; meinem Label f\u00fcr handgefertigte und individuelle Produkte rund ums Baby und Kind. Ich bin Anna, die Gr\u00fcnderin hinter Kiekebu und stolze Mama von zwei wundervollen Kindern. Ich lege gro\u00dfen Wert darauf, dass alle meine Produkte aus biologisch angebauten und fairtrade Materialien hergestellt werden. Ob Du Kleidung, Spielzeug oder n\u00fctzliche Accessoires suchst, ich helfe Dir gerne dabei, jedes Produkt ganz nach Deinen W\u00fcnschen und Bed\u00fcrfnissen anzupassen. Ich freue mich darauf, Dir und Deinem Kind Freude mit Kiekebu zu bereiten. Kontaktiere mich gerne f\u00fcr Fragen oder Anpassungen.<\/p>\n\n\n\n<p><\/p>\n\n\n<div class=\"wp-block-image is-style-default\">\n<figure class=\"aligncenter size-full\"><img decoding=\"async\" loading=\"lazy\" width=\"4096\" height=\"4096\" src=\"https:\/\/wild-wuchs.com\/wp-content\/uploads\/2023\/01\/dont-show-humans-illustration-of-welcome-to-kiekebu-my-label-for-handmade-and-custom-made-product-358130839.png\" alt=\"\" class=\"wp-image-132\" srcset=\"https:\/\/wild-wuchs.com\/wp-content\/uploads\/2023\/01\/dont-show-humans-illustration-of-welcome-to-kiekebu-my-label-for-handmade-and-custom-made-product-358130839.png 4096w, https:\/\/wild-wuchs.com\/wp-content\/uploads\/2023\/01\/dont-show-humans-illustration-of-welcome-to-kiekebu-my-label-for-handmade-and-custom-made-product-358130839-300x300.png 300w, https:\/\/wild-wuchs.com\/wp-content\/uploads\/2023\/01\/dont-show-humans-illustration-of-welcome-to-kiekebu-my-label-for-handmade-and-custom-made-product-358130839-1024x1024.png 1024w, https:\/\/wild-wuchs.com\/wp-content\/uploads\/2023\/01\/dont-show-humans-illustration-of-welcome-to-kiekebu-my-label-for-handmade-and-custom-made-product-358130839-150x150.png 150w, https:\/\/wild-wuchs.com\/wp-content\/uploads\/2023\/01\/dont-show-humans-illustration-of-welcome-to-kiekebu-my-label-for-handmade-and-custom-made-product-358130839-768x768.png 768w, https:\/\/wild-wuchs.com\/wp-content\/uploads\/2023\/01\/dont-show-humans-illustration-of-welcome-to-kiekebu-my-label-for-handmade-and-custom-made-product-358130839-1536x1536.png 1536w, https:\/\/wild-wuchs.com\/wp-content\/uploads\/2023\/01\/dont-show-humans-illustration-of-welcome-to-kiekebu-my-label-for-handmade-and-custom-made-product-358130839-2048x2048.png 2048w, https:\/\/wild-wuchs.com\/wp-content\/uploads\/2023\/01\/dont-show-humans-illustration-of-welcome-to-kiekebu-my-label-for-handmade-and-custom-made-product-358130839-324x324.png 324w, https:\/\/wild-wuchs.com\/wp-content\/uploads\/2023\/01\/dont-show-humans-illustration-of-welcome-to-kiekebu-my-label-for-handmade-and-custom-made-product-358130839-416x416.png 416w, https:\/\/wild-wuchs.com\/wp-content\/uploads\/2023\/01\/dont-show-humans-illustration-of-welcome-to-kiekebu-my-label-for-handmade-and-custom-made-product-358130839-100x100.png 100w\" sizes=\"(max-width: 4096px) 100vw, 4096px\" \/><\/figure><\/div>","protected":false},"excerpt":{"rendered":"<p>Willkommen bei Kiekebu &#8211; meinem Label f\u00fcr handgefertigte und individuelle Produkte rund ums Baby und Kind. Ich bin Anna, die Gr\u00fcnderin hinter Kiekebu und stolze Mama von zwei wundervollen Kindern. Ich lege gro\u00dfen Wert darauf, dass alle meine Produkte aus biologisch angebauten und fairtrade Materialien hergestellt werden. Ob Du Kleidung, Spielzeug oder n\u00fctzliche Accessoires suchst, [&hellip;]<\/p>\n","protected":false},"author":1,"featured_media":0,"parent":0,"menu_order":0,"comment_status":"closed","ping_status":"closed","template":"template-fullwidth.php","meta":[],"_links":{"self":[{"href":"https:\/\/wild-wuchs.com\/index.php?rest_route=\/wp\/v2\/pages\/130"}],"collection":[{"href":"https:\/\/wild-wuchs.com\/index.php?rest_route=\/wp\/v2\/pages"}],"about":[{"href":"https:\/\/wild-wuchs.com\/index.php?rest_route=\/wp\/v2\/types\/page"}],"author":[{"embeddable":true,"href":"https:\/\/wild-wuchs.com\/index.php?rest_route=\/wp\/v2\/users\/1"}],"replies":[{"embeddable":true,"href":"https:\/\/wild-wuchs.com\/index.php?rest_route=%2Fwp%2Fv2%2Fcomments&post=130"}],"version-history":[{"count":23,"href":"https:\/\/wild-wuchs.com\/index.php?rest_route=\/wp\/v2\/pages\/130\/revisions"}],"predecessor-version":[{"id":156,"href":"https:\/\/wild-wuchs.com\/index.php?rest_route=\/wp\/v2\/pages\/130\/revisions\/156"}],"wp:attachment":[{"href":"https:\/\/wild-wuchs.com\/index.php?rest_route=%2Fwp%2Fv2%2Fmedia&parent=130"}],"curies":[{"name":"wp","href":"https:\/\/api.w.org\/{rel}","templated":true}]}}